uppose 0*v + 3*v = 9. Suppose -2*l - 20 = v*l. Give n(l).
3
Let i(x) be the third derivative of 0*x**3 + 3*x**2 + 0 - 1/8*x**4 + 1/60*x**5 + 0*x. Determine i(4).
4
Let r(c) = 3*c + c**3 - 5*c**2 - c + 2*c. Let o be r(4). Let k(b) = 4*b**2 + 8 - 2*b - 5*b**2 + b. Give k(o).
8
Let u(m) be the second derivative of m**4/12 - 3*m**3/2 + 9*m**2/2 + 12*m. Determine u(8).
1
Let b be 4/(-2) - (-5 + 0). Suppose -b*c - 6 = -6*c. Let y(w) = -4*w - w**3 - 2 - 2 + 1 - c*w**2. Calculate y(-2).
5
Let z(n) = n + 11. Let s = -92 + 82. Calculate z(s).
1
Let y(s) be the third derivative of -s**6/120 + 2*s**5/15 - s**4/4 - 4*s**3/3 + s**2. Let z be y(7). Let k(d) = 11*d**3 + d**2 - 1. Calculate k(z).
-11
Let l(p) = p**3 + 5*p**2 - 6*p + 1. Suppose 6*s - 2*s + 64 = 4*c, 3*s - c + 42 = 0. Let o = 7 + s. What is l(o)?
1
Let p(i) = -3*i - 1. Let f be (-3)/6*2*-9. Let r(j) = -j**2 + 8*j + 10. Let q be r(f). Determine p(q).
-4
Let k be (-2 - -6)*(-3)/(-4). Suppose 4*c + 2 = k*c. Let a(p) = -2*p**2 - p - 1. What is a(c)?
-7
Let d(s) = 2*s**3 - 3*s**2 - 3*s - 4. Let x(o) = -3*o**3 + 3*o**2 + 3*o + 4. Let h(k) = 4*d(k) + 3*x(k). Determine h(-3).
5
Suppose s + 3*s + 14 = -2*y, -8 = y + 3*s. Let t(q) = -6 - 2*q**2 - 2*q**3 + 3*q**3 + 7*q**2. Determine t(y).
-6
Let p(b) = 8*b + 1. Let s be p(-1). Let f be (1 - 0)*-1*s. Let i(m) = -m + 5. Determine i(f).
-2
Let m(n) = -4*n - 1. Let c(h) = -3*h. Let k(r) = -3*c(r) + 2*m(r). Let s = 30 + -33. Give k(s).
-5
Let b(y) = y**3 + y + 5. Let a(d) = -d**3 - d - 4. Let m(i) = -3*a(i) - 2*b(i). What is m(0)?
2
Let y(z) = z**2 + 9*z + 2. Let s be (-4 - -58)/3*(-2)/4. Calculate y(s).
2
Let k(m) = m**2 + 7*m + 9. Let r = 5 + -11. Let p be k(r). Let f(l) = l**2 - 3 - l - 3*l + l. Calculate f(p).
-3
Let v(s) = 2*s - 3 + 13*s**2 + 8*s**2 + 10*s**2 - 32*s**2. Give v(2).
-3
Let z = 6 + -8. Let g be (-1)/z + (-2)/4. Let o be -3 + (g/2)/3. Let c(y) = y**3 + 3*y**2 - y - 4. Give c(o).
-1
Let n(d) = 5 - 1 - 4*d + 3*d. Let h = -55 - -62. Give n(h).
-3
Let b(j) = -5*j + 1. Suppose 3*d + 14 = 4*o, d + 6*o - 2*o - 22 = 0. Suppose -d*t + 2 - 4 = 0. Calculate b(t).
6
Let y(r) = r**2 - 6*r + 2. Let u = 3 + 3. What is y(u)?
2
Let n(h) be the third derivative of -h**5/20 - h**4/24 + h**3/2 + 16*h**2. Determine n(-3).
-21
Let i = 13 - 8. Let s(a) = -5 + 3 + 2 + 3*a + i. What is s(-4)?
-7
Let c(i) = -30*i - 3. Let l(n) = -16*n - 1. Let v(z) = -2*c(z) + 5*l(z). What is v(-1)?
21
Let m be 3/2*(-4)/3. Let b(k) be the second derivative of -1/12*k**4 - k**2 + 0 + 2*k - 1/6*k**3. Calculate b(m).
-4
Let a be (-3)/2*(-3 - -1). Let t(k) = 7*k**a - 8*k**3 + 5*k**2 + k**2 + k. Give t(6).
6
Let b(i) = i - 1 + 0 - 3. Calculate b(-4).
-8
Suppose 2*l - 3*l = 0. Suppose -1 + 9 = 4*w. Let a(q) = 5*q**w + 1 - 3*q**2 - q**2 + q**3. What is a(l)?
1
Let a = 17 + -21. Let i(b) = -2*b**2 - 6*b - 4. What is i(a)?
-12
Let h(s) = -5*s**3 + s**2 + 7*s + 5. Let c(i) = -4*i**3 + 2*i**2 + 7*i + 4. Suppose 0 = 2*o + 5 + 5, 4*u = -3*o - 35. Let d(f) = u*h(f) + 6*c(f). Give d(-6).
-7
Suppose -2*g + 38 = -0*g. Suppose 4*n - g = 5. Let o(i) = -i**2 + 6*i - 2. Calculate o(n).
-2
Suppose 5 = -2*w - 3*w. Let m(u) = -u - 5 + 4 + u**2 + 2*u. Give m(w).
-1
Let w(u) = -4 - 4*u - 3*u + 6*u. Give w(-5).
1
Let u(o) = -o**3 + 7*o**2 + 7*o + 8. Let f = 21 - 13. Give u(f).
0
Let b(x) be the third derivative of x**5/120 + 5*x**4/24 - x**3/6 + 4*x**2. Let c(s) be the first derivative of b(s). Determine c(-4).
1
Let d(b) = -b**3 - 4*b**2 + 6*b - 1. Let r be (-1 + 4)/((-81)/135). Determine d(r).
-6
Let d(t) = -t + 1. Let z = -72 + 75. Calculate d(z).
-2
Let c(s) = 3*s - 1. Let v(i) = i. Let o(h) = c(h) - 2*v(h). Let x = 11 + -6. Suppose w = x*l + 25 - 2, 3*w - 3*l - 21 = 0. Determine o(w).
2
Suppose -3*p - 6 = -5*l, 4*l + 2 = 2*p - 3*p. Let v(t) = -t**3 - t**2 - t + 2. What is v(p)?
8
Let a(z) = -31*z**2 + 2*z + 2. Let l(d) = -46*d**2 + 3*d + 3. Let k(v) = 7*a(v) - 5*l(v). What is k(-1)?
13
Let r(t) = -3*t**3 + 6*t**2 + 17*t. Let m(a) = -a**3 + 2*a**2 + 6*a. Let n(z) = -17*m(z) + 6*r(z). What is n(1)?
1
Let g(l) = l**2 + 2*l - 3. Suppose -4*t - u + 5 = 2*u, 0 = 5*t - u - 11. Give g(t).
5
Let w(o) = o**3 - 5*o**2 + 4*o - 1. Let k be w(4). Let q be 12/18*(-3)/(-2). Let g(y) = -2*y**3 - 9*y**3 + q + 0. Give g(k).
12
Let t(y) = 7 - y**2 - 8*y + 4*y + 0*y**2. Let z be t(-5). Let h(i) = i**3 - i**2 + 2*i + 1. Determine h(z).
9
Let d(r) = r**3 + r**2. Let v(x) = 7*x**3 + 9*x**2 - x + 3. Let a(h) = -6*d(h) + v(h). Determine a(-3).
6
Let s(r) = 3 + 2*r - 9 + 1 - 4*r. What is s(5)?
-15
Let t(c) = -c**3 + 6*c**2 - 1. Let m be t(6). Let w be ((-4)/(-12))/(m/(-3)). Let s(q) be the third derivative of 3*q**4/8 + q**2. Give s(w).
9
Let h(p) = -p + 10. Let c be h(6). Suppose -c*q + 20 = -0*q. Suppose t - q*v + 3 = -6, -2*t + 5*v = 13. Let m(r) = r**3 + 4*r**2 + 4. Calculate m(t).
4
Let z(c) = c**2 - 7*c + 3. Let j(h) = 2*h**2 - 14*h + 6. Let r(l) = -4*j(l) + 7*z(l). Determine r(6).
3
Let r(y) be the first derivative of y**4/4 - 2*y**3 + 2*y**2 + 6*y - 1. Let x = 75 + -70. Calculate r(x).
1
Let q(b) = -29*b + 144. Let w be q(5). Let g(y) = -2 + 10*y**2 - 2*y**2 + 1. Calculate g(w).
7
Suppose h = 3*h - 34. Let o = 15 - h. Let t(g) = g**3 + 2*g**2 - 2*g - 2. Calculate t(o).
2
Let d(s) be the third derivative of -s**5/30 + s**4/12 - s**3/2 + 7*s**2. What is d(3)?
-15
Let c(d) = 5*d + 1. Let l(b) = -4*b - 2. Let p(u) = -u**2 - 6*u - 4. Let q be p(-4). Let r(z) = q*l(z) + 3*c(z). Let j = 2 - 7. What is r(j)?
0
Let y(v) = -10*v**2 + 2*v**3 - v**3 + 6*v**2 + 3*v. Let w be y(2). Let q(u) = -u**2 - 6*u - 3. Let s(m) = -m - 1. Let c(o) = q(o) - 3*s(o). Calculate c(w).
2
Let y(x) = -x. Let i(s) = -3. Suppose -o + 3*g = -4*o, 3*g + 5 = 2*o. Let w be 0 + -2 + 3 - -2. Let c(a) = o*i(a) + w*y(a). Determine c(-2).
3
Let x(o) = -4*o**2 + 11*o + 9. Let u(r) = 5*r**2 - 12*r - 9. Let f(j) = 5*u(j) + 6*x(j). What is f(-6)?
9
Let a(x) be the first derivative of -x**7/840 - x**6/360 - x**5/60 - x**4/24 - 5*x**3/3 - 1. Let w(d) be the third derivative of a(d). What is w(-1)?
1
Let w(g) = g - 10. Let u = -8 - -8. What is w(u)?
-10
Let w be (-12)/(-2) + -1 + -2. Suppose g = x - 3*x + 12, w*x = -5*g + 32. Let s(r) = -r**3 + 3*r**2 + 3*r + 5. Give s(x).
1
Let j = -1 - -12. Let b be j/(-3) - (-3)/(-9). Let r(t) = 11*t + 12. Let x(l) = 4*l + 4. Let k(p) = 3*r(p) - 8*x(p). Give k(b).
0
Let h(b) be the second derivative of b**4/12 + 5*b**3/6 - 4*b**2 - 8*b. Let z be h(-5). Let i(w) = -w - 8. Give i(z).
0
Let v(h) be the first derivative of h**2/2 + 4*h + 12. Calculate v(5).
9
Let n(l) = 4*l. Let p = -22 - -26. Suppose 0 = 3*a + 4*z - 17, -5*a - p*z = -20 - 3. What is n(a)?
12
Let p(t) = t + 3. Let j be 2*10/(-4)*-3. Suppose -4*m + 6 = -10. Suppose -4*h + 20 = -2*a - 0*a, -m*a = 3*h - j. Determine p(h).
8
Let u(b) = b - 6. Let p(k) = 2*k - 12. Let v(d) = 6*p(d) - 13*u(d). Calculate v(5).
1
Let c(n) = -n**2 + 11. Let h = -37 + 37. Determine c(h).
11
Let j(w) = -w + 1. Suppose 2*o + g - 5*g = -16, -o - g + 1 = 0. Give j(o).
3
Suppose 5 = l + 1. Let q(s) = 3*s + 2. What is q(l)?
14
Let f(m) = -m - 2. Let s(q) = 2*q**2 - 3*q - 4. Let g be s(3). Suppose 3*j = 2*j - g. Calculate f(j).
3
Suppose -8*f = -13*f - 5. Let h(t) = 6*t**3 - t**2. Give h(f).
-7
Let s be (-15)/(-4) - 3/(-12). Let v(l) = 1 + 4 + l**2 + l - 6*l. Calculate v(s).
1
Suppose 4*n - 3*n + h = 2, -n - 2*h + 5 = 0. Let v(o) = 4*o**2 - o - 1. Calculate v(n).
4
Let u(r) = 3*r - 1. Suppose 2*i + 4*k + 8 = 8*k, 0 = 3*i - 3*k. Calculate u(i).
11
Suppose -5*k - 7 + 27 = 0. Let v = 5 - k. Let p(r) be the first derivative of -r**2 + r + 2. Calculate p(v).
-1
Let a be (3 - -4) + 6/(-3). Let p(x) = -2 + 7 - 2*x - a. Let d(f) = -f - 1. Let n be d(-3). Give p(n).
-4
Let d(f) be the first derivative of -f**4/4 + 2*f**3 + 3*f**2 - f + 23. What is d(7)?
-8
Let s(y) be the first derivative of -y**6/360 - y**5/120 + y**4/12 + y**3/3 + 3. Let c(x) be the third derivative of s(x). What is c(-2)?
0
Let x(h) be the second derivative of -5*h**3/6 - 2*h**2 - 7*h. Determine x(3).
-19
Let v(z) = -13*z**2 + z + 17*z**2 + 4*z**3 - 3*z**3 - 3 - 2*z. Suppose -3*y - 10 = -4. Let x = -2 + y. What is v(x)?
1
Let n(o) be the first derivative of 0 - o**2 + 3 + 0. Determine n(3).
-6
Let m = -2 - -5. Let y(s) = -2 + 0*s**2 - s + s**2 